sands digit of 1585917?
8
What is the thousands digit of 470024?
0
What is the thousands digit of 442173?
2
What is the millions digit of 8691260?
8
What is the millions digit of 1262276?
1
What is the units digit of 20296?
6
What is the thousands digit of 211064?
1
What is the units digit of 8563759?
9
What is the ten thousands digit of 162001?
6
What is the hundreds digit of 1212146?
1
What is the tens digit of 2729776?
7
What is the hundreds digit of 320083?
0
What is the tens digit of 120096?
9
What is the thousands digit of 650428?
0
What is the millions digit of 6383478?
6
What is the units digit of 2218326?
6
What is the tens digit of 9316481?
8
What is the units digit of 44485?
5
What is the thousands digit of 3185596?
5
What is the units digit of 10348058?
8
What is the tens digit of 2281514?
1
What is the hundred thousands digit of 3192276?
1
What is the hundreds digit of 74744?
7
What is the units digit of 84724?
4
What is the millions digit of 16459622?
6
What is the units digit of 1174362?
2
What is the units digit of 196105?
5
What is the millions digit of 3619894?
3
What is the ten thousands digit of 346813?
4
What is the thousands digit of 488918?
8
What is the tens digit of 2317916?
1
What is the ten thousands digit of 236796?
3
What is the thousands digit of 9916369?
6
What is the units digit of 145341?
1
What is the hundreds digit of 27096?
0
What is the hundred thousands digit of 117789?
1
What is the ten thousands digit of 243876?
4
What is the units digit of 518348?
8
What is the ten millions digit of 14332576?
1
What is the ten thousands digit of 1336815?
3
What is the hundreds digit of 3663060?
0
What is the ten thousands digit of 4658038?
5
What is the hundred thousands digit of 2547684?
5
What is the hundreds digit of 6710334?
3
What is the millions digit of 12784724?
2
What is the thousands digit of 478154?
8
What is the tens digit of 2729181?
8
What is the hundred thousands digit of 285065?
2
What is the ten thousands digit of 168879?
6
What is the thousands digit of 4263045?
3
What is the thousands digit of 240472?
0
What is the thousands digit of 7363393?
3
What is the units digit of 4020410?
0
What is the thousands digit of 387013?
7
What is the thousands digit of 21065710?
5
What is the hundred thousands digit of 28387498?
3
What is the tens digit of 2103083?
8
What is the thousands digit of 4546334?
6
What is the ten millions digit of 25686023?
2
What is the hundred thousands digit of 7215505?
2
What is the units digit of 3209598?
8
What is the hundreds digit of 4842941?
9
What is the hundreds digit of 1105752?
7
What is the tens digit of 1931164?
6
What is the hundred thousands digit of 2809276?
8
What is the tens digit of 2169837?
3
What is the units digit of 1253205?
5
What is the millions digit of 2290618?
2
What is the ten thousands digit of 818139?
1
What is the hundred thousands digit of 1042046?
0
What is the units digit of 127812?
2
What is the hundreds digit of 486675?
6
What is the hundreds digit of 203117?
1
What is the hundred thousands digit of 423593?
4
What is the millions digit of 1405111?
1
What is the tens digit of 10043498?
9
What is the ten thousands digit of 590473?
9
What is the hundred thousands digit of 599412?
5
What is the hundreds digit of 1851915?
9
What is the thousands digit of 7315081?
5
What is the ten thousands digit of 258902?
5
What is the tens digit of 444064?
6
What is the tens digit of 126800?
0
What is the tens digit of 11988?
8
What is the thousands digit of 259647?
9
What is the thousands digit of 196840?
6
What is the hundred thousands digit of 1902516?
9
What is the thousands digit of 5719848?
9
What is the ten thousands digit of 16701422?
0
What is the hundreds digit of 334664?
6
What is the units digit of 38580?
0
What is the tens digit of 77057?
5
What is the thousands digit of 120259?
0
What is the units digit of 5910335?
5
What is the units digit of 697272?
2
What is the hundreds digit of 3024?
0
What is the millions digit of 1917344?
1
What is the units digit of 1082246?
6
What is the hundreds digit of 12143689?
6
What is the hundreds digit of 116963?
9
What is the thousands digit of 23912897?
2
What is the tens digit of 5959189?
8
What is the hundred thousands digit of 5413248?
4
What is the hundred thousands digit of 35536012?
5
What is the tens digit of 242877?
7
What is the ten thousands digit of 189855?
8
What is the hundreds digit of 256268?
2
What is the units digit of 332013?
3
What is the ten thousands digit of 31769498?
6
What is the thousands digit of 271450?
1
What is the tens digit of 379448?
4
What is the thousands digit of 10641765?
1
What is the ten thousands digit of 394635?
9
What is the hundred thousands digit of 2468086?
4
What is the thousands digit of 5863429?
3
What is the ten thousands digit of 258768?
5
What is the hundreds digit of 6433684?
6
What is the ten thousands digit of 797588?
9
What is the tens digit of 3443426?
2
What is the ten thousands digit of 275357?
7
What is the hundreds digit of 68248?
2
What is the thousands digit of 346328?
6
What is the thousands digit of 4875776?
5
What is the units digit of 129322?
2
What is the millions digit of 32037110?
2
What is the hundreds digit of 1053898?
8
What is the tens digit of 3458719?
1
What is the hundred thousands digit of 9072355?
0
What is the millions digit of 1747554?
1
What is the hundred thousands digit of 271170?
2
What is the units digit of 5834?
4
What is the tens digit of 727284?
8
What is the units digit of 5580244?
4
What is the hundreds digit of 204690?
6
What is the thousands digit of 6775070?
5
What is the thousands digit of 129057?
9
What is the thousands digit of 119517?
9
What is the units digit of 38714?
4
What is the thousands digit of 3486425?
6
What is the tens digit of 638760?
6
What is the units digit of 4303?
3
What is the tens digit of 13916939?
3
What is the hundreds digit of 2440430?
4
What is the hundred thousands digit of 279592?
2
What is the hundred thousands digit of 2459798?
4
What is the hundred thousands digit of 754650?
7
What is the hundreds digit of 609202?
2
What is the ten thousands digit of 391920?
9
What is the units digit of 5515938?
8
What is the units digit of 1326084?
4
What is the tens digit of 578532?
3
What is the ten thousands digit of 1406908?
0
What is the hundreds digit of 430396?
3
What is the tens digit of 6360596?
9
What is the hundred thousands digit of 4203095?
2
What is the hundreds digit of 545970?
9
What is the thousands digit of 853124?
3
What is the millions digit of 2860949?
2
What is the ten thousands digit of 362819?
6
What is the units digit of 216921?
1
What is the millions digit of 1684775?
1
What is the hundred thousands digit of 119117?
1
What is the hundreds digit of 3895723?
7
What is the ten millions digit of 16650428?
1
What is the hundreds digit of 5975023?
0
What is the hundreds digit of 18405350?
3
What is the tens digit of 10021200?
0
What is the units digit of 1166752?
2
What is the tens digit of 8870614?
1
What is the units digit of 1126617?
7
What is the hundreds digit of 40742911?
9
What is the hundred thousands digit of 1352677?
3
What is the hundred thousands digit of 262086?
2
What is the ten thousands digit of 1139416?
3
What is the tens digit of 725777?
7
What is the tens digit of 4669887?
8
What is the ten thousands digit of 80761?
8
What is the thousands digit of 432160?
2
What is the hundreds digit of 23774590?
5
What is the tens digit of 1547406?
0
What is the tens digit of 991438?
3
What is the ten thousands digit of 531688?
3
What is the thousands digit of 347028?
7
What is the units digit of 4086916?
6
What is the hundred thousands digit of 8054753?
0
What is the ten thousands digit of 210314?
1
What is the hundred thousands digit of 392847?
3
What is the ten thousands digit of 179733?
7
What is the thousands digit of 6409987?
9
What is the hundred thousands digit of 13500078?
5
What is the millions digit of 10584399?
0
What is the units digit of 414312?
2
What is the thousands digit of 83220?
3
What is the ten thousands digit of 47521?
4
What is the hundred thousands digit of 634187?
6
What is the thousands digit of 27168901?
8
What is the millions digit of 2854566?
2
What is the 